{"id":11,"date":"2022-02-10T10:29:05","date_gmt":"2022-02-10T09:29:05","guid":{"rendered":"http:\/\/plattform-forel.de\/kolibri\/?page_id=11"},"modified":"2023-09-28T16:57:48","modified_gmt":"2023-09-28T14:57:48","slug":"start","status":"publish","type":"page","link":"https:\/\/plattform-forel.de\/kolibri\/","title":{"rendered":"Start"},"content":{"rendered":"\n<style type=\"text\/css\" data-created_by=\"avia_inline_auto\" id=\"style-css-av-k9y0idzw-401e0fc833f8acbe7b3cba0cebdfac0a\">\n.avia-section.av-k9y0idzw-401e0fc833f8acbe7b3cba0cebdfac0a .av-parallax .av-parallax-inner{\nbackground-repeat:no-repeat;\nbackground-image:url(https:\/\/plattform-forel.de\/kolibri\/wp-content\/uploads\/sites\/29\/2022\/09\/Noppen-1030x296.jpg);\nbackground-position:50% 0%;\nbackground-attachment:scroll;\n}\n.avia-section.av-k9y0idzw-401e0fc833f8acbe7b3cba0cebdfac0a .av-section-color-overlay{\nopacity:0.5;\nbackground-color:#ffffff;\n}\n<\/style>\n<div id='av_section_1'  class='avia-section av-k9y0idzw-401e0fc833f8acbe7b3cba0cebdfac0a main_color avia-section-default avia-no-border-styling  avia-builder-el-0  el_before_av_one_fifth  avia-builder-el-first  av-parallax-section avia-bg-style-parallax av-section-color-overlay-active av-minimum-height av-minimum-height-50  container_wrap fullsize'  data-section-bg-repeat='no-repeat' data-av_minimum_height_pc='50'><div class='av-parallax' data-avia-parallax-ratio='0.3' ><div class='av-parallax-inner main_color avia-full-stretch'><\/div><\/div><div class=\"av-section-color-overlay-wrap\"><div class=\"av-section-color-overlay\"><\/div><div class='container av-section-cont-open' ><main  role=\"main\" itemprop=\"mainContentOfPage\"  class='template-page content  av-content-full alpha units'><div class='post-entry post-entry-type-page post-entry-11'><div class='entry-content-wrapper clearfix'>\n<section  class='av_textblock_section av-k9y6n1tx-6ed4ad642a55d6fda2f262f8f678c77b'  itemscope=\"itemscope\" itemtype=\"https:\/\/schema.org\/CreativeWork\" ><div class='avia_textblock'  itemprop=\"text\" ><h3 style=\"text-align: center; font-size: 3em;\"><strong>TTP LB &#8211; KoLibri<br \/>\n<\/strong><\/h3>\n<h2 style=\"text-align: center;\"><strong>RECYCLINGF\u00c4HIGE K\u00dcHLK\u00d6RPER F\u00dcR HOCHLEISTUNGSANWENDUNGEN IN DER MOBILIT\u00c4T<\/strong><\/h2>\n<\/div><\/section>\n<\/div><\/div><\/main><!-- close content main element --><\/div><\/div><\/div><div id='after_section_1'  class='main_color av_default_container_wrap container_wrap fullsize'  ><div class='container av-section-cont-open' ><div class='template-page content  av-content-full alpha units'><div class='post-entry post-entry-type-page post-entry-11'><div class='entry-content-wrapper clearfix'>\n\n<style type=\"text\/css\" data-created_by=\"avia_inline_auto\" id=\"style-css-av-36h2n-35153346f553ef6b64fb014e02350473\">\n.flex_column.av-36h2n-35153346f553ef6b64fb014e02350473{\n-webkit-border-radius:0px 0px 0px 0px;\n-moz-border-radius:0px 0px 0px 0px;\nborder-radius:0px 0px 0px 0px;\npadding:0px 0px 0px 0px;\n}\n<\/style>\n<div class='flex_column av-36h2n-35153346f553ef6b64fb014e02350473 av_one_fifth  avia-builder-el-2  el_after_av_section  el_before_av_four_fifth  avia-builder-el-first  first flex_column_div av-zero-column-padding '     ><style type=\"text\/css\" data-created_by=\"avia_inline_auto\" id=\"style-css-av-kzz9ufwm-c60002b499ddd2648b3379dc6a36df7c\">\n.avia-image-container.av-kzz9ufwm-c60002b499ddd2648b3379dc6a36df7c img.avia_image{\nbox-shadow:none;\n}\n.avia-image-container.av-kzz9ufwm-c60002b499ddd2648b3379dc6a36df7c .av-image-caption-overlay-center{\ncolor:#ffffff;\n}\n<\/style>\n<div  class='avia-image-container av-kzz9ufwm-c60002b499ddd2648b3379dc6a36df7c av-styling- avia-align-center  avia-builder-el-3  avia-builder-el-no-sibling '   itemprop=\"image\" itemscope=\"itemscope\" itemtype=\"https:\/\/schema.org\/ImageObject\" ><div class=\"avia-image-container-inner\"><div class=\"avia-image-overlay-wrap\"><img class='wp-image-244 avia-img-lazy-loading-not-244 avia_image ' src=\"https:\/\/plattform-forel.de\/kolibri\/wp-content\/uploads\/sites\/29\/2022\/09\/KoLibri-Logo-300x132.png\" alt='' title='KoLibri-Logo'  height=\"132\" width=\"300\"  itemprop=\"thumbnailUrl\" srcset=\"https:\/\/plattform-forel.de\/kolibri\/wp-content\/uploads\/sites\/29\/2022\/09\/KoLibri-Logo-300x132.png 300w, https:\/\/plattform-forel.de\/kolibri\/wp-content\/uploads\/sites\/29\/2022\/09\/KoLibri-Logo-1030x453.png 1030w, https:\/\/plattform-forel.de\/kolibri\/wp-content\/uploads\/sites\/29\/2022\/09\/KoLibri-Logo-768x338.png 768w, https:\/\/plattform-forel.de\/kolibri\/wp-content\/uploads\/sites\/29\/2022\/09\/KoLibri-Logo-1536x675.png 1536w, https:\/\/plattform-forel.de\/kolibri\/wp-content\/uploads\/sites\/29\/2022\/09\/KoLibri-Logo-2048x900.png 2048w, https:\/\/plattform-forel.de\/kolibri\/wp-content\/uploads\/sites\/29\/2022\/09\/KoLibri-Logo-1500x659.png 1500w, https:\/\/plattform-forel.de\/kolibri\/wp-content\/uploads\/sites\/29\/2022\/09\/KoLibri-Logo-705x310.png 705w\" sizes=\"(max-width: 300px) 100vw, 300px\" \/><\/div><\/div><\/div><\/div>\n\n<style type=\"text\/css\" data-created_by=\"avia_inline_auto\" id=\"style-css-av-2gowr-5a72e44b483b67e1e23e0610274f48db\">\n.flex_column.av-2gowr-5a72e44b483b67e1e23e0610274f48db{\n-webkit-border-radius:0px 0px 0px 0px;\n-moz-border-radius:0px 0px 0px 0px;\nborder-radius:0px 0px 0px 0px;\npadding:0px 0px 0px 0px;\n}\n<\/style>\n<div class='flex_column av-2gowr-5a72e44b483b67e1e23e0610274f48db av_four_fifth  avia-builder-el-4  el_after_av_one_fifth  el_before_av_section  avia-builder-el-last  flex_column_div av-zero-column-padding '     ><section  id=\"inhalt\"  class='av_textblock_section av-frof-5e9c0392eb4192694054c3b64e575faa'  itemscope=\"itemscope\" itemtype=\"https:\/\/schema.org\/CreativeWork\" ><div class='avia_textblock'  itemprop=\"text\" ><p>Das Verbundvorhaben KoLibri zielt auf eine ganzheitliche L\u00f6sung f\u00fcr die K\u00fchlkonzepte der Mobilit\u00e4t ab. Im Mittelpunkt steht die komplette Neuentwicklung einer K\u00fchlstruktur, samt Werkstoffentwicklungen und Simulationen. Die Projektpartner erwarten durch die Verwendung offenporiger Metallschaumstrukturen eine erh\u00f6hte K\u00fchlperformance von 20-50% bzw. eine Massereduktion um 50% bei gleicher Performance. Dar\u00fcber hinaus wird eine Kostenreduzierung von bis zu 75% durch den Einsatz von metallisierten Kunststoffen angestrebt. Die Verwendung von neuen Werkstoffen und Fertigungstechnologien schafft somit ein Produkt, welches Masse reduziert, Ressourcen spart und somit CO<sub>2<\/sub>\u2011Emissionen sinken l\u00e4sst. Zugleich soll mit den Arbeiten im Vorhaben ein kreislauff\u00e4higes Produkt geschaffen werden.<\/p>\n<\/div><\/section><\/div>\n<\/div><\/div><\/div><!-- close content main div --><\/div><\/div>\n<style type=\"text\/css\" data-created_by=\"avia_inline_auto\" id=\"style-css-av-k9y0idzw-12-ba118a5ae84af2aec51445ed57985fd2\">\n.avia-section.av-k9y0idzw-12-ba118a5ae84af2aec51445ed57985fd2 .av-parallax .av-parallax-inner{\nbackground-repeat:no-repeat;\nbackground-image:url(https:\/\/plattform-forel.de\/kolibri\/wp-content\/uploads\/sites\/29\/2022\/09\/Noppen-1030x296.jpg);\nbackground-position:50% 50%;\nbackground-attachment:scroll;\n}\n.avia-section.av-k9y0idzw-12-ba118a5ae84af2aec51445ed57985fd2 .av-section-color-overlay{\nopacity:0.5;\nbackground-color:#ffffff;\n}\n<\/style>\n<div id='partner'  class='avia-section av-k9y0idzw-12-ba118a5ae84af2aec51445ed57985fd2 main_color avia-section-default avia-no-border-styling  avia-builder-el-6  el_after_av_four_fifth  el_before_av_one_half  av-parallax-section avia-bg-style-parallax av-section-color-overlay-active av-minimum-height av-minimum-height-25  container_wrap fullsize'  data-section-bg-repeat='no-repeat' data-av_minimum_height_pc='25'><div class='av-parallax' data-avia-parallax-ratio='0.3' ><div class='av-parallax-inner main_color avia-full-stretch'><\/div><\/div><div class=\"av-section-color-overlay-wrap\"><div class=\"av-section-color-overlay\"><\/div><div class='container av-section-cont-open' ><div class='template-page content  av-content-full alpha units'><div class='post-entry post-entry-type-page post-entry-11'><div class='entry-content-wrapper clearfix'>\n\n<style type=\"text\/css\" data-created_by=\"avia_inline_auto\" id=\"style-css-av-k9y545ol-30cce72fe69efb8465f3591f3b40c5b4\">\n#top .av-special-heading.av-k9y545ol-30cce72fe69efb8465f3591f3b40c5b4{\npadding-bottom:10px;\n}\nbody .av-special-heading.av-k9y545ol-30cce72fe69efb8465f3591f3b40c5b4 .av-special-heading-tag .heading-char{\nfont-size:25px;\n}\n.av-special-heading.av-k9y545ol-30cce72fe69efb8465f3591f3b40c5b4 .av-subheading{\nfont-size:15px;\n}\n<\/style>\n<div  class='av-special-heading av-k9y545ol-30cce72fe69efb8465f3591f3b40c5b4 av-special-heading-h2 blockquote modern-quote modern-centered  avia-builder-el-7  avia-builder-el-no-sibling  av-thin-font'><h2 class='av-special-heading-tag'  itemprop=\"headline\"  ><strong>Partner<\/strong><\/h2><div class=\"special-heading-border\"><div class=\"special-heading-inner-border\"><\/div><\/div><\/div>\n<\/div><\/div><\/div><!-- close content main div --><\/div><\/div><\/div><div id='after_section_2'  class='main_color av_default_container_wrap container_wrap fullsize'  ><div class='container av-section-cont-open' ><div class='template-page content  av-content-full alpha units'><div class='post-entry post-entry-type-page post-entry-11'><div class='entry-content-wrapper clearfix'>\n<div class='flex_column_table av-268z-c19c22001bd6ddb88d96ea431e530215 sc-av_one_half av-equal-height-column-flextable'>\n<style type=\"text\/css\" data-created_by=\"avia_inline_auto\" id=\"style-css-av-268z-c19c22001bd6ddb88d96ea431e530215\">\n.flex_column.av-268z-c19c22001bd6ddb88d96ea431e530215{\n-webkit-border-radius:0px 0px 0px 0px;\n-moz-border-radius:0px 0px 0px 0px;\nborder-radius:0px 0px 0px 0px;\npadding:0px 0px 0px 0px;\n}\n<\/style>\n<div class='flex_column av-268z-c19c22001bd6ddb88d96ea431e530215 av_one_half  avia-builder-el-8  el_after_av_section  el_before_av_one_half  avia-builder-el-first  first flex_column_table_cell av-equal-height-column av-align-middle av-zero-column-padding '     ><section  class='av_textblock_section av-40a7z-840305a7ec26b32e8789d80e1b28092c'  itemscope=\"itemscope\" itemtype=\"https:\/\/schema.org\/CreativeWork\" ><div class='avia_textblock'  itemprop=\"text\" ><ul>\n<li>Siemens AG (Verbundkoordinator)<\/li>\n<li>Valeo Siemens GmbH<\/li>\n<li>Siemens Mobility GmbH<\/li>\n<li>METROM Mechatronische Maschinen GmbH<\/li>\n<li>ifu Institut f\u00fcr Umweltinformatik Hamburg GmbH<\/li>\n<li>Fraunhofer ENAS<\/li>\n<li>Fraunhofer IWU<\/li>\n<li>TU Bergakademie Freiberg, Institut f\u00fcr Aufbereitungsmaschinen und Recyclingsystemtechnik (IART)<\/li>\n<li>TU Dresden, Institut f\u00fcr Leichtbau und Kunststofftechnik (ILK)<\/li>\n<li>Electric Flytrain GmbH<\/li>\n<\/ul>\n<\/div><\/section><\/div>\n<div class='av-flex-placeholder'><\/div>\n<style type=\"text\/css\" data-created_by=\"avia_inline_auto\" id=\"style-css-av-268z-9-010efcedeb0b2ecf800e027f4e31ae0f\">\n.flex_column.av-268z-9-010efcedeb0b2ecf800e027f4e31ae0f{\n-webkit-border-radius:0px 0px 0px 0px;\n-moz-border-radius:0px 0px 0px 0px;\nborder-radius:0px 0px 0px 0px;\npadding:0px 0px 0px 0px;\n}\n<\/style>\n<div class='flex_column av-268z-9-010efcedeb0b2ecf800e027f4e31ae0f av_one_half  avia-builder-el-10  el_after_av_one_half  el_before_av_section  avia-builder-el-last  flex_column_table_cell av-equal-height-column av-align-middle av-zero-column-padding '     ><style type=\"text\/css\" data-created_by=\"avia_inline_auto\" id=\"style-css-av-k9y4s76k-6d0a4fabcec6ee1d0f35c9e31ecb939a\">\n.avia-image-container.av-k9y4s76k-6d0a4fabcec6ee1d0f35c9e31ecb939a img.avia_image{\nbox-shadow:none;\n}\n.avia-image-container.av-k9y4s76k-6d0a4fabcec6ee1d0f35c9e31ecb939a .av-image-caption-overlay-center{\ncolor:#ffffff;\n}\n<\/style>\n<div  class='avia-image-container av-k9y4s76k-6d0a4fabcec6ee1d0f35c9e31ecb939a av-styling-no-styling avia_animated_image av-animated-when-visible-95 fade-in avia-align-center  avia-builder-el-11  avia-builder-el-no-sibling '   itemprop=\"image\" itemscope=\"itemscope\" itemtype=\"https:\/\/schema.org\/ImageObject\" ><div class=\"avia-image-container-inner\"><div class=\"avia-image-overlay-wrap\"><img class='wp-image-266 avia-img-lazy-loading-not-266 avia_image ' src=\"https:\/\/plattform-forel.de\/kolibri\/wp-content\/uploads\/sites\/29\/2022\/10\/Kolibri-Projektpartner2.png\" alt='' title='Kolibri-Projektpartner2'  height=\"420\" width=\"695\"  itemprop=\"thumbnailUrl\" srcset=\"https:\/\/plattform-forel.de\/kolibri\/wp-content\/uploads\/sites\/29\/2022\/10\/Kolibri-Projektpartner2.png 695w, https:\/\/plattform-forel.de\/kolibri\/wp-content\/uploads\/sites\/29\/2022\/10\/Kolibri-Projektpartner2-300x181.png 300w\" sizes=\"(max-width: 695px) 100vw, 695px\" \/><\/div><\/div><\/div><\/div><\/div><!--close column table wrapper. Autoclose: 1 -->\n<\/div><\/div><\/div><!-- close content main div --><\/div><\/div>\n<style type=\"text\/css\" data-created_by=\"avia_inline_auto\" id=\"style-css-av-k9y0idzw-11-1152c97962d3c5dcab9124d60ec3ac0f\">\n.avia-section.av-k9y0idzw-11-1152c97962d3c5dcab9124d60ec3ac0f .av-parallax .av-parallax-inner{\nbackground-repeat:no-repeat;\nbackground-image:url(https:\/\/plattform-forel.de\/kolibri\/wp-content\/uploads\/sites\/29\/2022\/09\/Noppen-1030x296.jpg);\nbackground-position:50% 100%;\nbackground-attachment:scroll;\n}\n.avia-section.av-k9y0idzw-11-1152c97962d3c5dcab9124d60ec3ac0f .av-section-color-overlay{\nopacity:0.5;\nbackground-color:#ffffff;\n}\n<\/style>\n<div id='foerderung'  class='avia-section av-k9y0idzw-11-1152c97962d3c5dcab9124d60ec3ac0f main_color avia-section-default avia-no-border-styling  avia-builder-el-12  el_after_av_one_half  el_before_av_one_half  av-parallax-section avia-bg-style-parallax av-section-color-overlay-active av-minimum-height av-minimum-height-25  container_wrap fullsize'  data-section-bg-repeat='no-repeat' data-av_minimum_height_pc='25'><div class='av-parallax' data-avia-parallax-ratio='0.3' ><div class='av-parallax-inner main_color avia-full-stretch'><\/div><\/div><div class=\"av-section-color-overlay-wrap\"><div class=\"av-section-color-overlay\"><\/div><div class='container av-section-cont-open' ><div class='template-page content  av-content-full alpha units'><div class='post-entry post-entry-type-page post-entry-11'><div class='entry-content-wrapper clearfix'>\n\n<style type=\"text\/css\" data-created_by=\"avia_inline_auto\" id=\"style-css-av-k9y545ol-10-f63fd32ec79f2a475d181fb7e2cc5f39\">\n#top .av-special-heading.av-k9y545ol-10-f63fd32ec79f2a475d181fb7e2cc5f39{\npadding-bottom:10px;\n}\nbody .av-special-heading.av-k9y545ol-10-f63fd32ec79f2a475d181fb7e2cc5f39 .av-special-heading-tag .heading-char{\nfont-size:25px;\n}\n.av-special-heading.av-k9y545ol-10-f63fd32ec79f2a475d181fb7e2cc5f39 .av-subheading{\nfont-size:15px;\n}\n<\/style>\n<div  class='av-special-heading av-k9y545ol-10-f63fd32ec79f2a475d181fb7e2cc5f39 av-special-heading-h2 blockquote modern-quote modern-centered  avia-builder-el-13  avia-builder-el-no-sibling  av-thin-font'><h2 class='av-special-heading-tag'  itemprop=\"headline\"  ><strong>F\u00f6rderung<\/strong><\/h2><div class=\"special-heading-border\"><div class=\"special-heading-inner-border\"><\/div><\/div><\/div>\n<\/div><\/div><\/div><!-- close content main div --><\/div><\/div><\/div><div id='after_section_3'  class='main_color av_default_container_wrap container_wrap fullsize'  ><div class='container av-section-cont-open' ><div class='template-page content  av-content-full alpha units'><div class='post-entry post-entry-type-page post-entry-11'><div class='entry-content-wrapper clearfix'>\n\n<style type=\"text\/css\" data-created_by=\"avia_inline_auto\" id=\"style-css-av-268z-7-b4a9004e8403412ebc15630cc7e2567c\">\n.flex_column.av-268z-7-b4a9004e8403412ebc15630cc7e2567c{\n-webkit-border-radius:0px 0px 0px 0px;\n-moz-border-radius:0px 0px 0px 0px;\nborder-radius:0px 0px 0px 0px;\npadding:0px 0px 0px 0px;\n}\n<\/style>\n<div class='flex_column av-268z-7-b4a9004e8403412ebc15630cc7e2567c av_one_half  avia-builder-el-14  el_after_av_section  el_before_av_one_half  avia-builder-el-first  first flex_column_div av-zero-column-padding '     ><p><section  class='av_textblock_section av-40a7z-8-649f892dfbe7ea0dc8a3ebf41e4e0b1b'  itemscope=\"itemscope\" itemtype=\"https:\/\/schema.org\/CreativeWork\" ><div class='avia_textblock'  itemprop=\"text\" ><p>Das Forschungs- und Entwicklungsprojekt <em>KoLibri<\/em> wird mit Mitteln des Bundesministeriums f\u00fcr Wirtschaft und Klimaschutz (BMWK) unter dem F\u00f6rderkennzeichen 03LB3039 im Rahmen des <a href=\"https:\/\/www.bmwk.de\/Redaktion\/DE\/Artikel\/Technologie\/technologietransfer-programm-leichtbau.html\" target=\"_blank\" rel=\"noopener\">Technologietransfer-Programm Leichtbau<\/a> (TTP LB) gef\u00f6rdert und vom Projekttr\u00e4ger J\u00fclich (PTJ) betreut. Die Verantwortung f\u00fcr den Inhalt dieser Ver\u00f6ffentlichung liegt beim Autor.<\/p>\n<\/div><\/section><br \/>\n<section  class='av_textblock_section av-k9y7slnx-7a887f4cba4a656baa0d23d8bb060024'  itemscope=\"itemscope\" itemtype=\"https:\/\/schema.org\/CreativeWork\" ><div class='avia_textblock'  itemprop=\"text\" ><h3 style=\"text-align: center;\">Verweise<\/h3>\n<\/div><\/section><br \/>\n<section  class='av_textblock_section av-k9y7uzni-f748bff488ffec82d7afe54fdbc57da1'  itemscope=\"itemscope\" itemtype=\"https:\/\/schema.org\/CreativeWork\" ><div class='avia_textblock'  itemprop=\"text\" ><p style=\"text-align: center;\"><a href=\"https:\/\/www.bmwi.de\">Bundesministerium f\u00fcr Wirtschaft und Klimaschutz<\/a><\/p>\n<p style=\"text-align: center;\"><a href=\"https:\/\/www.ptj.de\">Projekttr\u00e4ger J\u00fclich<\/a><\/p>\n<\/div><\/section><\/p><\/div>\n<style type=\"text\/css\" data-created_by=\"avia_inline_auto\" id=\"style-css-av-5awuj-a5cf7e083aec1a5192c07878d60d0701\">\n.flex_column.av-5awuj-a5cf7e083aec1a5192c07878d60d0701{\n-webkit-border-radius:0px 0px 0px 0px;\n-moz-border-radius:0px 0px 0px 0px;\nborder-radius:0px 0px 0px 0px;\npadding:0px 0px 0px 0px;\n}\n<\/style>\n<div class='flex_column av-5awuj-a5cf7e083aec1a5192c07878d60d0701 av_one_half  avia-builder-el-18  el_after_av_one_half  el_before_av_section  avia-builder-el-last  flex_column_div av-zero-column-padding '     ><style type=\"text\/css\" data-created_by=\"avia_inline_auto\" id=\"style-css-av-k9y4s76k-6-46dfc62b441f2d63ddbb337a3b1b2487\">\n.avia-image-container.av-k9y4s76k-6-46dfc62b441f2d63ddbb337a3b1b2487 img.avia_image{\nbox-shadow:none;\n}\n.avia-image-container.av-k9y4s76k-6-46dfc62b441f2d63ddbb337a3b1b2487 .av-image-caption-overlay-center{\ncolor:#ffffff;\n}\n<\/style>\n<div  class='avia-image-container av-k9y4s76k-6-46dfc62b441f2d63ddbb337a3b1b2487 av-styling-no-styling avia_animated_image av-animated-when-visible-95 fade-in avia-align-center  avia-builder-el-19  avia-builder-el-no-sibling '   itemprop=\"image\" itemscope=\"itemscope\" itemtype=\"https:\/\/schema.org\/ImageObject\" ><div class=\"avia-image-container-inner\"><div class=\"avia-image-overlay-wrap\"><img class='wp-image-206 avia-img-lazy-loading-not-206 avia_image ' src=\"https:\/\/plattform-forel.de\/kolibri\/wp-content\/uploads\/sites\/29\/2022\/04\/Foerderung-Logo-300x133.png\" alt='' title='F\u00f6rderung-Logo'  height=\"133\" width=\"300\"  itemprop=\"thumbnailUrl\" srcset=\"https:\/\/plattform-forel.de\/kolibri\/wp-content\/uploads\/sites\/29\/2022\/04\/Foerderung-Logo-300x133.png 300w, https:\/\/plattform-forel.de\/kolibri\/wp-content\/uploads\/sites\/29\/2022\/04\/Foerderung-Logo-1030x457.png 1030w, https:\/\/plattform-forel.de\/kolibri\/wp-content\/uploads\/sites\/29\/2022\/04\/Foerderung-Logo-768x340.png 768w, https:\/\/plattform-forel.de\/kolibri\/wp-content\/uploads\/sites\/29\/2022\/04\/Foerderung-Logo-705x313.png 705w, https:\/\/plattform-forel.de\/kolibri\/wp-content\/uploads\/sites\/29\/2022\/04\/Foerderung-Logo.png 1094w\" sizes=\"(max-width: 300px) 100vw, 300px\" \/><\/div><\/div><\/div><\/div><\/p>\n<\/div><\/div><\/div><!-- close content main div --><\/div><\/div>\n<style type=\"text\/css\" data-created_by=\"avia_inline_auto\" id=\"style-css-av-k9y0idzw-5-a2be4cf3e65043509fccd17bc0712f1a\">\n.avia-section.av-k9y0idzw-5-a2be4cf3e65043509fccd17bc0712f1a .av-section-color-overlay{\nopacity:0.5;\nbackground-color:#ffffff;\n}\n<\/style>\n<div id='forel'  class='avia-section av-k9y0idzw-5-a2be4cf3e65043509fccd17bc0712f1a main_color avia-section-default avia-no-border-styling  avia-builder-el-20  el_after_av_one_half  el_before_av_one_half  avia-bg-style-fixed av-section-color-overlay-active av-minimum-height av-minimum-height-15  container_wrap fullsize'   data-av_minimum_height_pc='15'><div class=\"av-section-color-overlay-wrap\"><div class=\"av-section-color-overlay\"><\/div><div class='container av-section-cont-open' ><div class='template-page content  av-content-full alpha units'><div class='post-entry post-entry-type-page post-entry-11'><div class='entry-content-wrapper clearfix'>\n\n<style type=\"text\/css\" data-created_by=\"avia_inline_auto\" id=\"style-css-av-ka0x7g7i-2b9377193534070ad649902a2433445a\">\n#top .av-special-heading.av-ka0x7g7i-2b9377193534070ad649902a2433445a{\npadding-bottom:10px;\n}\nbody .av-special-heading.av-ka0x7g7i-2b9377193534070ad649902a2433445a .av-special-heading-tag .heading-char{\nfont-size:25px;\n}\n.av-special-heading.av-ka0x7g7i-2b9377193534070ad649902a2433445a .av-subheading{\nfont-size:15px;\n}\n<\/style>\n<div  class='av-special-heading av-ka0x7g7i-2b9377193534070ad649902a2433445a av-special-heading-h2 blockquote modern-quote modern-centered  avia-builder-el-21  avia-builder-el-no-sibling  av-thin-font'><h2 class='av-special-heading-tag'  itemprop=\"headline\"  ><strong>Plattform FOREL<\/strong><\/h2><div class=\"special-heading-border\"><div class=\"special-heading-inner-border\"><\/div><\/div><\/div>\n<\/div><\/div><\/div><!-- close content main div --><\/div><\/div><\/div><div id='after_section_4'  class='main_color av_default_container_wrap container_wrap fullsize'  ><div class='container av-section-cont-open' ><div class='template-page content  av-content-full alpha units'><div class='post-entry post-entry-type-page post-entry-11'><div class='entry-content-wrapper clearfix'>\n<div class='flex_column_table av-268z-4-d7c52b3442771163523bd0591e25e860 sc-av_one_half av-equal-height-column-flextable'>\n<style type=\"text\/css\" data-created_by=\"avia_inline_auto\" id=\"style-css-av-268z-4-d7c52b3442771163523bd0591e25e860\">\n.flex_column.av-268z-4-d7c52b3442771163523bd0591e25e860{\n-webkit-border-radius:0px 0px 0px 0px;\n-moz-border-radius:0px 0px 0px 0px;\nborder-radius:0px 0px 0px 0px;\npadding:0px 0px 0px 0px;\n}\n<\/style>\n<div class='flex_column av-268z-4-d7c52b3442771163523bd0591e25e860 av_one_half  avia-builder-el-22  el_after_av_section  el_before_av_one_half  avia-builder-el-first  first flex_column_table_cell av-equal-height-column av-align-top av-zero-column-padding '     ><section  class='av_textblock_section av-40a7z-3-55291f9af05f47f5c22c441e0ca168c7'  itemscope=\"itemscope\" itemtype=\"https:\/\/schema.org\/CreativeWork\" ><div class='avia_textblock'  itemprop=\"text\" ><p>Das Forschungs- und Technologiezentrum f\u00fcr ressourceneffiziente Leichtbaustrukturen \u2013 FOREL wurde 2013 als BMBF-Leuchtturmprojekt eingerichtet und ist eine offene und unabh\u00e4ngige Plattform zur Entwicklung von Hightech-Leichtbausysteml\u00f6sungen in Multi-Material-Design f\u00fcr die Mobilit\u00e4t der Zukunft. In diesem Kontext unterst\u00fctzt die Plattform Entwicklungsprojekte bei der Vernetzung der Leichtbauforschung innerhalb Deutschlands und f\u00fchrt verschiedene F\u00f6rderinitiativen zusammen.<\/p>\n<p><a href=\"https:\/\/www.plattform-forel.de\">Forschungs- und Technologiezentrum f\u00fcr ressourceneffiziente Leichtbaustrukturen &#8211; FOREL<\/a><\/p>\n<\/div><\/section><\/div>\n<div class='av-flex-placeholder'><\/div>\n<style type=\"text\/css\" data-created_by=\"avia_inline_auto\" id=\"style-css-av-5awuj-2-40f980c5dbb4e03fbbf4dede2dd47689\">\n.flex_column.av-5awuj-2-40f980c5dbb4e03fbbf4dede2dd47689{\n-webkit-border-radius:0px 0px 0px 0px;\n-moz-border-radius:0px 0px 0px 0px;\nborder-radius:0px 0px 0px 0px;\npadding:0px 0px 0px 0px;\n}\n<\/style>\n<div class='flex_column av-5awuj-2-40f980c5dbb4e03fbbf4dede2dd47689 av_one_half  avia-builder-el-24  el_after_av_one_half  avia-builder-el-last  flex_column_table_cell av-equal-height-column av-align-top av-zero-column-padding '     ><style type=\"text\/css\" data-created_by=\"avia_inline_auto\" id=\"style-css-av-k9y4s76k-1-6d532b938338f4c001f0e31d339437d1\">\n.avia-image-container.av-k9y4s76k-1-6d532b938338f4c001f0e31d339437d1 img.avia_image{\nbox-shadow:none;\n}\n.avia-image-container.av-k9y4s76k-1-6d532b938338f4c001f0e31d339437d1 .av-image-caption-overlay-center{\ncolor:#ffffff;\n}\n<\/style>\n<div  class='avia-image-container av-k9y4s76k-1-6d532b938338f4c001f0e31d339437d1 av-styling-no-styling avia_animated_image av-animated-when-visible-95 fade-in avia-align-center  avia-builder-el-25  avia-builder-el-no-sibling '   itemprop=\"image\" itemscope=\"itemscope\" itemtype=\"https:\/\/schema.org\/ImageObject\" ><div class=\"avia-image-container-inner\"><div class=\"avia-image-overlay-wrap\"><img class='wp-image-114 avia-img-lazy-loading-not-114 avia_image ' src=\"https:\/\/plattform-forel.de\/kolibri\/wp-content\/uploads\/sites\/29\/2022\/02\/FOREL-Logo-300x140.png\" alt='' title='FOREL-Logo'  height=\"140\" width=\"300\"  itemprop=\"thumbnailUrl\" srcset=\"https:\/\/plattform-forel.de\/kolibri\/wp-content\/uploads\/sites\/29\/2022\/02\/FOREL-Logo-300x140.png 300w, https:\/\/plattform-forel.de\/kolibri\/wp-content\/uploads\/sites\/29\/2022\/02\/FOREL-Logo-1030x481.png 1030w, https:\/\/plattform-forel.de\/kolibri\/wp-content\/uploads\/sites\/29\/2022\/02\/FOREL-Logo-768x358.png 768w, https:\/\/plattform-forel.de\/kolibri\/wp-content\/uploads\/sites\/29\/2022\/02\/FOREL-Logo-1536x717.png 1536w, https:\/\/plattform-forel.de\/kolibri\/wp-content\/uploads\/sites\/29\/2022\/02\/FOREL-Logo-1500x700.png 1500w, https:\/\/plattform-forel.de\/kolibri\/wp-content\/uploads\/sites\/29\/2022\/02\/FOREL-Logo-705x329.png 705w, https:\/\/plattform-forel.de\/kolibri\/wp-content\/uploads\/sites\/29\/2022\/02\/FOREL-Logo.png 1753w\" sizes=\"(max-width: 300px) 100vw, 300px\" \/><\/div><\/div><\/div><\/div><\/div><!--close column table wrapper. Autoclose: 1 -->\n","protected":false},"excerpt":{"rendered":"","protected":false},"author":24783,"featured_media":0,"parent":0,"menu_order":0,"comment_status":"closed","ping_status":"closed","template":"","meta":[],"_links":{"self":[{"href":"https:\/\/plattform-forel.de\/kolibri\/wp-json\/wp\/v2\/pages\/11"}],"collection":[{"href":"https:\/\/plattform-forel.de\/kolibri\/wp-json\/wp\/v2\/pages"}],"about":[{"href":"https:\/\/plattform-forel.de\/kolibri\/wp-json\/wp\/v2\/types\/page"}],"author":[{"embeddable":true,"href":"https:\/\/plattform-forel.de\/kolibri\/wp-json\/wp\/v2\/users\/24783"}],"replies":[{"embeddable":true,"href":"https:\/\/plattform-forel.de\/kolibri\/wp-json\/wp\/v2\/comments?post=11"}],"version-history":[{"count":112,"href":"https:\/\/plattform-forel.de\/kolibri\/wp-json\/wp\/v2\/pages\/11\/revisions"}],"predecessor-version":[{"id":280,"href":"https:\/\/plattform-forel.de\/kolibri\/wp-json\/wp\/v2\/pages\/11\/revisions\/280"}],"wp:attachment":[{"href":"https:\/\/plattform-forel.de\/kolibri\/wp-json\/wp\/v2\/media?parent=11"}],"curies":[{"name":"wp","href":"https:\/\/api.w.org\/{rel}","templated":true}]}}