{"id":2,"date":"2015-05-21T17:40:04","date_gmt":"2015-05-21T17:40:04","guid":{"rendered":"http:\/\/plattform-forel.de\/q-pro\/?page_id=2"},"modified":"2015-06-01T12:06:21","modified_gmt":"2015-06-01T12:06:21","slug":"start","status":"publish","type":"page","link":"https:\/\/plattform-forel.de\/q-pro\/","title":{"rendered":"Q-Pro"},"content":{"rendered":"<p><strong>Qualit\u00e4tsgesicherte Prozesskettenverkn\u00fcpfung zur Herstellung h\u00f6chstbelastbarer intrinsischer Metall-FKV-Verbunde in 3D-Hybrid-Bauweise<\/strong><\/p>\n<p>Leichtbau in Multi-Material-Design ist ein wesentlicher Schl\u00fcssel zu zukunftstr\u00e4chtiger, ressourceneffizienter Elektromobilit\u00e4t. Durch die Verfolgung eines systemischen Ansatzes mittels Bildung technologie\u00fcbergreifender Projekte k\u00f6nnen technologische Synergien erschlossen werden, welche das am Standort Deutschland vorhandene Wissen b\u00fcndeln und zur Etablierung der Elektromobilit\u00e4t als umweltschonendes und nachhaltiges Mobilisierungsmittel f\u00fchren.<\/p>\n<p><strong>Motivation<\/strong><\/p>\n<p>Der Einsatz neuartiger thermoplastischer Faserverbundwerkstoffe erm\u00f6glicht alternative, material- und prozessangepasste F\u00fcgetechnologien, welche zur Herstellung intrinsischer Hybride bef\u00e4higen. Derartige Faserverbund-Metall-Mischbauweisen k\u00f6nnen bereits im Ur- bzw. Umformprozess der Einzelkomponenten hergestellt und damit zeit- und kostenintensive nachtr\u00e4gliche F\u00fcgeverfahren zur Verbindung der artfremder Materialien eingespart werden, was zur Senkung der Prozesskosten beitr\u00e4gt. Das Leichtbaupotenzial derartiger Strukturen ist signifikant. Deshalb wird die Entwicklung und Umsetzung geeigneter Prozesstechnologien sowie deren simulative Abbildung und Verkn\u00fcpfung in Q-Pro fokussiert.<\/p>\n<p><strong>L\u00f6sungshypothese<\/strong><\/p>\n<p>Mittels qualit\u00e4tsgesicherter, virtuell ausgelegter Fertigungsprozesse k\u00f6nnen Multimaterial-Strukturen mit hohem Leichtbaupotenzial schnell, kosteng\u00fcnstig und prozesssicher hergestellt werden.<\/p>\n<p><span style=\"color: #008000;\"><strong>Dieses Forschungs- und Entwicklungsprojekt wird mit Mitteln des Bundesministeriums f\u00fcr Bildung und Forschung (BMBF) im Rahmenkonzept \u201eInnovationen f\u00fcr die Produktion, Dienstleistung und Arbeit von morgen\u201c (F\u00f6rderkennzeichen 02P14Z040 \u2013 02P14Z049) und mit Mitteln aus dem Energie- und Klimafonds gef\u00f6rdert und vom Projekttr\u00e4ger Karlsruhe (PTKA) betreut.<br \/>\nDie Verantwortung f\u00fcr den Inhalt dieser Ver\u00f6ffentlichung liegt beim Autor.<\/strong><\/span><\/p>\n","protected":false},"excerpt":{"rendered":"<p>Qualit\u00e4tsgesicherte Prozesskettenverkn\u00fcpfung zur Herstellung h\u00f6chstbelastbarer intrinsischer Metall-FKV-Verbunde in 3D-Hybrid-Bauweise Leichtbau in Multi-Material-Design ist ein wesentlicher Schl\u00fcssel zu zukunftstr\u00e4chtiger, ressourceneffizienter Elektromobilit\u00e4t. Durch die Verfolgung eines systemischen Ansatzes mittels Bildung technologie\u00fcbergreifender Projekte k\u00f6nnen technologische Synergien erschlossen werden, welche das am Standort Deutschland vorhandene Wissen b\u00fcndeln und zur Etablierung der Elektromobilit\u00e4t als umweltschonendes und nachhaltiges Mobilisierungsmittel f\u00fchren. Motivation &hellip; <a href=\"https:\/\/plattform-forel.de\/q-pro\/\" class=\"more-link\"><span class=\"screen-reader-text\">Q-Pro<\/span> weiterlesen <span class=\"meta-nav\">&rarr;<\/span><\/a><\/p>\n","protected":false},"author":2,"featured_media":0,"parent":0,"menu_order":0,"comment_status":"closed","ping_status":"closed","template":"","meta":[],"_links":{"self":[{"href":"https:\/\/plattform-forel.de\/q-pro\/wp-json\/wp\/v2\/pages\/2"}],"collection":[{"href":"https:\/\/plattform-forel.de\/q-pro\/wp-json\/wp\/v2\/pages"}],"about":[{"href":"https:\/\/plattform-forel.de\/q-pro\/wp-json\/wp\/v2\/types\/page"}],"author":[{"embeddable":true,"href":"https:\/\/plattform-forel.de\/q-pro\/wp-json\/wp\/v2\/users\/2"}],"replies":[{"embeddable":true,"href":"https:\/\/plattform-forel.de\/q-pro\/wp-json\/wp\/v2\/comments?post=2"}],"version-history":[{"count":5,"href":"https:\/\/plattform-forel.de\/q-pro\/wp-json\/wp\/v2\/pages\/2\/revisions"}],"predecessor-version":[{"id":33,"href":"https:\/\/plattform-forel.de\/q-pro\/wp-json\/wp\/v2\/pages\/2\/revisions\/33"}],"wp:attachment":[{"href":"https:\/\/plattform-forel.de\/q-pro\/wp-json\/wp\/v2\/media?parent=2"}],"curies":[{"name":"wp","href":"https:\/\/api.w.org\/{rel}","templated":true}]}}