{"id":19,"date":"2015-11-23T13:09:23","date_gmt":"2015-11-23T12:09:23","guid":{"rendered":"http:\/\/plattform-forel.de\/sampa\/?page_id=19"},"modified":"2015-11-24T09:31:04","modified_gmt":"2015-11-24T08:31:04","slug":"projektinhalt","status":"publish","type":"page","link":"https:\/\/plattform-forel.de\/sampa\/projektinhalt\/","title":{"rendered":"Projektinhalt"},"content":{"rendered":"<p><img loading=\"lazy\" class=\"alignnone  wp-image-37\" src=\"http:\/\/plattform-forel.de\/sampa\/wp-content\/uploads\/sites\/9\/2015\/11\/KFix.jpg\" alt=\"KFix\" width=\"248\" height=\"230\" srcset=\"https:\/\/plattform-forel.de\/sampa\/wp-content\/uploads\/sites\/9\/2015\/11\/KFix.jpg 626w, https:\/\/plattform-forel.de\/sampa\/wp-content\/uploads\/sites\/9\/2015\/11\/KFix-300x278.jpg 300w\" sizes=\"(max-width: 248px) 100vw, 248px\" \/><img loading=\"lazy\" class=\"alignnone  wp-image-38\" src=\"http:\/\/plattform-forel.de\/sampa\/wp-content\/uploads\/sites\/9\/2015\/11\/PVSG-Kiste.jpg\" alt=\"PVSG-Kiste\" width=\"246\" height=\"230\" srcset=\"https:\/\/plattform-forel.de\/sampa\/wp-content\/uploads\/sites\/9\/2015\/11\/PVSG-Kiste.jpg 896w, https:\/\/plattform-forel.de\/sampa\/wp-content\/uploads\/sites\/9\/2015\/11\/PVSG-Kiste-300x280.jpg 300w\" sizes=\"(max-width: 246px) 100vw, 246px\" \/><br \/>\nLinks: Ein aufgeschnittenes Befestigungselement zur Verdeutlichung der stoffschl\u00fcssigen Verbindung zwischen Partikelschaumstoff (schwarz) und Thermoplast (rot)<br \/>\nRechts: Integrierte Befestigungselemente in einem Partikelschaumstoffdemonstrator<\/p>\n<p>Im Projekt SamPa wird ein neuartiges Fertigungsverfahren entwi\u00adckelt, das den Sch\u00e4umprozess mit dem etablierten Spritz\u00adgie\u00dfprozess kombiniert. Die Verkn\u00fcpfung beider Basistechnolo\u00adgien stellt einen innovativen Ansatz zur Herstellung komplexer, integraler Leichtbaukomponenten mit funktionalisierten Ober\u00adfl\u00e4chen dar. Dadurch k\u00f6nnen die Methoden der Prozess-, Struktur- und Funktionsinte\u00adgration weiter vorangetrieben werden. In der Folge sind deutliche Gewichtsreduzierungen sowie Kostenreduktionen von Elektrofahrzeugen zu erwarten. Im Ergebnis des Projektes sollen die technologischen Voraussetzun\u00adgen sowie das erforderliche Prozesswissen vorliegen, um diese Technologie kurzfristig in die Anwendung zu \u00fcberf\u00fchren. Im Rahmen des Vorhabens m\u00fcssen dazu insbesondere die wirt\u00adschaftlichen Produktionsm\u00f6glichkeiten funktionalisierter, mehr\u00adkomponentiger Pratikelschaumverbundbauteile entwickelt werden. Die Vorteile von Partikelschaumstoffen wie z.B. die her\u00advorragenden Crashabsorptionseigenschaften und Isolationsei\u00adgenschaften sowie die Formgestaltungsvielfalt beim Spritzgie\u00dfen k\u00f6nnen in der SamPa-Prozesskette gezielt kombiniert und anhand einer funktionalen Demonstratorstruktur gezeigt werden.<\/p>\n<p><strong>Quelle der Fotos: Krallmann Pilot-Werkzeug GmbH und Ruch Novaplast GmbH<\/strong><\/p>\n","protected":false},"excerpt":{"rendered":"<p>Links: Ein aufgeschnittenes Befestigungselement zur Verdeutlichung der stoffschl\u00fcssigen Verbindung zwischen Partikelschaumstoff (schwarz) und Thermoplast (rot) Rechts: Integrierte Befestigungselemente in einem Partikelschaumstoffdemonstrator Im Projekt SamPa wird ein neuartiges Fertigungsverfahren entwi\u00adckelt, das den Sch\u00e4umprozess mit dem etablierten Spritz\u00adgie\u00dfprozess kombiniert. Die Verkn\u00fcpfung beider Basistechnolo\u00adgien stellt einen innovativen Ansatz zur Herstellung komplexer, integraler Leichtbaukomponenten mit funktionalisierten Ober\u00adfl\u00e4chen dar. Dadurch &hellip; <a href=\"https:\/\/plattform-forel.de\/sampa\/projektinhalt\/\" class=\"more-link\"><span class=\"screen-reader-text\">Projektinhalt<\/span> weiterlesen <span class=\"meta-nav\">&rarr;<\/span><\/a><\/p>\n","protected":false},"author":2,"featured_media":0,"parent":0,"menu_order":0,"comment_status":"closed","ping_status":"closed","template":"","meta":[],"_links":{"self":[{"href":"https:\/\/plattform-forel.de\/sampa\/wp-json\/wp\/v2\/pages\/19"}],"collection":[{"href":"https:\/\/plattform-forel.de\/sampa\/wp-json\/wp\/v2\/pages"}],"about":[{"href":"https:\/\/plattform-forel.de\/sampa\/wp-json\/wp\/v2\/types\/page"}],"author":[{"embeddable":true,"href":"https:\/\/plattform-forel.de\/sampa\/wp-json\/wp\/v2\/users\/2"}],"replies":[{"embeddable":true,"href":"https:\/\/plattform-forel.de\/sampa\/wp-json\/wp\/v2\/comments?post=19"}],"version-history":[{"count":5,"href":"https:\/\/plattform-forel.de\/sampa\/wp-json\/wp\/v2\/pages\/19\/revisions"}],"predecessor-version":[{"id":44,"href":"https:\/\/plattform-forel.de\/sampa\/wp-json\/wp\/v2\/pages\/19\/revisions\/44"}],"wp:attachment":[{"href":"https:\/\/plattform-forel.de\/sampa\/wp-json\/wp\/v2\/media?parent=19"}],"curies":[{"name":"wp","href":"https:\/\/api.w.org\/{rel}","templated":true}]}}